 by 2888.
601
Calculate the remainder when 17068 is divided by 1311.
25
Calculate the remainder when 1743527 is divided by 348635.
352
Calculate the remainder when 33493608 is divided by 1298.
16
Calculate the remainder when 183412 is divided by 3109.
3090
What is the remainder when 319959582 is divided by 146?
144
What is the remainder when 198513 is divided by 99246?
21
Calculate the remainder when 509210 is divided by 78.
26
Calculate the remainder when 259710 is divided by 95.
75
What is the remainder when 1515730 is divided by 58296?
34
What is the remainder when 30070359 is divided by 7?
4
What is the remainder when 512383 is divided by 256180?
23
What is the remainder when 31936 is divided by 4727?
3574
What is the remainder when 2692404 is divided by 207108?
0
What is the remainder when 129747765 is divided by 129747754?
11
Calculate the remainder when 3136742 is divided by 1108.
1102
Calculate the remainder when 2287740 is divided by 762570.
30
Calculate the remainder when 1693350 is divided by 355.
0
What is the remainder when 1743210 is divided by 981?
954
What is the remainder when 200089 is divided by 9090?
109
Calculate the remainder when 9417 is divided by 894.
477
Calculate the remainder when 68070 is divided by 3999.
87
What is the remainder when 13320229 is divided by 4272?
133
Calculate the remainder when 1376344 is divided by 39324.
4
Calculate the remainder when 2486192 is divided by 1104.
1088
What is the remainder when 1036226 is divided by 2750?
2226
Calculate the remainder when 11975474 is divided by 10218.
10196
What is the remainder when 13800624 is divided by 1616?
1600
What is the remainder when 3619912 is divided by 5944?
16
Calculate the remainder when 1319897 is divided by 52795.
22
What is the remainder when 607509808 is divided by 27?
7
What is the remainder when 636633 is divided by 85?
68
What is the remainder when 2097978 is divided by 1048933?
112
Calculate the remainder when 61076 is divided by 481.
470
Calculate the remainder when 119278852 is divided by 5606.
5596
What is the remainder when 188281 is divided by 11735?
521
What is the remainder when 615486 is divided by 19?
0
What is the remainder when 28826081 is divided by 4118008?
25
What is the remainder when 2459603 is divided by 4300?
3
Calculate the remainder when 5774557 is divided by 144.
13
Calculate the remainder when 13923 is divided by 12295.
1628
What is the remainder when 11331971 is divided by 989?
9
What is the remainder when 7031422 is divided by 137865?
307
Calculate the remainder when 2083003879 is divided by 136.
135
What is the remainder when 154433 is divided by 14415?
10283
Calculate the remainder when 329044 is divided by 17299.
363
What is the remainder when 48098 is divided by 5057?
2585
Calculate the remainder when 9254891 is divided by 14.
9
What is the remainder when 87870 is divided by 2689?
1822
Calculate the remainder when 116707 is divided by 8939.
500
What is the remainder when 250609 is divided by 6145?
4809
What is the remainder when 332876188 is divided by 69?
40
What is the remainder when 12537 is divided by 11658?
879
Calculate the remainder when 208631971 is divided by 5539.
5536
Calculate the remainder when 207117 is divided by 4038.
1179
Calculate the remainder when 8000909 is divided by 78.
59
Calculate the remainder when 10820582 is divided by 738.
26
Calculate the remainder when 2319 is divided by 1247.
1072
Calculate the remainder when 287565 is divided by 71884.
29
What is the remainder when 7761042 is divided by 209757?
33
Calculate the remainder when 621403 is divided by 106.
31
What is the remainder when 733148 is divided by 336?
332
What is the remainder when 47450 is divided by 8275?
6075
What is the remainder when 27023032 is divided by 1584?
1576
Calculate the remainder when 2173581 is divided by 6005.
5776
What is the remainder when 2068701 is divided by 32?
29
Calculate the remainder when 7034713 is divided by 74.
51
What is the remainder when 4244 is divided by 200?
44
What is the remainder when 11877153 is divided by 18?
15
What is the remainder when 427312 is divided by 2909?
2598
What is the remainder when 1959532 is divided by 658?
8
Calculate the remainder when 78243 is divided by 1495.
503
Calculate the remainder when 278998 is divided by 4641.
538
Calculate the remainder when 89160 is divided by 29670.
150
What is the remainder when 190404323 is divided by 63468106?
5
What is the remainder when 89633 is divided by 217?
12
What is the remainder when 10945480 is divided by 390910?
0
Calculate the remainder when 713447 is divided by 182.
7
Calculate the remainder when 16522909 is divided by 859.
44
Calculate the remainder when 77712 is divided by 25374.
1590
What is the remainder when 771557 is divided by 171?
5
What is the remainder when 25378563 is divided by 263?
115
What is the remainder when 29219 is divided by 9698?
125
What is the remainder when 363943 is divided by 415?
403
What is the remainder when 16906020 is divided by 68?
64
Calculate the remainder when 164775 is divided by 81881.
1013
What is the remainder when 30984914 is divided by 252?
2
What is the remainder when 44834 is divided by 1140?
374
Calculate the remainder when 10290 is divided by 4995.
300
Calculate the remainder when 464 is divided by 240.
224
What is the remainder when 7171491 is divided by 2819?
2774
What is the remainder when 7025575 is divided by 117092?
55
Calculate the remainder when 4240931 is divided by 353.
342
Calculate the remainder when 124112 is divided by 943.
579
Calculate the remainder when 34452 is divided by 8228.
1540
Calculate the remainder when 17814226 is divided by 114.
16
What is the remainder when 368073 is divided by 183961?
151
Calculate the remainder when 207997318 is divided by 70.
18
What is the remainder when 1383245 is divided by 214?
163
What is the remainder when 35594 is divided by 11771?
281
What is the remainder when 4439641 is divided by 176?
41
What is the remainder when 1891256 is divided by 99539?
15
What is the remainder when 74315 is divided by 24507?
794
Calculate the remainder when 137269 is divided by 17145.
109
What is the remainder when 8289964 is divided by 4144946?
72
Calculate the remainder when 24733 is divided by 5462.
2885
What is the remainder when 312124 is divided by 52015?
34
Calculate the remainder when 46051 is divided by 14751.
1798
What is the remainder when 1709900 is divided by 33527?
23
What is the remainder when 198617 is divided by 66173?
98
What is the remainder when 1618628 is divided by 183?
176
Calculate the remainder when 1708339 is divided by 1209.
22
Calculate the remainder when 17568662 is divided by 1745.
2
What is the remainder when 592922 is divided by 768?
26
What is the remainder when 341723 is divided by 170286?
1151
Calculate the remainder when 27470471 is divided by 44.
39
Calculate the remainder when 1776223 is divided by 592021.
160
What is the remainder when 1834638 is divided by 2414?
2412
Calculate the remainder when 4312 is divided by 1001.
308
Calculate the remainder when 41462030 is divided by 1173.
1172
Calculate the remainder when 577571 is divided by 1822.
1819
What is the remainder when 10860 is divided by 1270?
700
Calculate the remainder when 45130032 is divided by 891.
882
What is the remainder when 68833 is divided by 34322?
189
What is the remainder when 2440534 is divided by 1491?
1258
Calculate the remainder when 298491 is divided by 135.
6
What is the remainder when 132854572 is divided by 6126?
10
What is the remainder when 1748466 is divided by 291262?
894
Calculate the remainder when 71674845 is divided by 27.
24
What is the remainder when 8580373 is divided by 218?
111
What is the remainder when 17350238 is divided by 17077?
6
Calculate the remainder when 109600 is divided by 14658.
6994
Calculate the remainder when 9082366 is divided by 10.
6
Calculate the remainder when 2610137 is divided by 342.
335
Calculate the remainder when 367796 is divided by 183549.
698
What is the remainder when 1707957887 is divided by 11648?
11647
Calculate the remainder when 4863431 is divided by 96.
71
Calculate the remainder when 398971 is divided by 2320.
2251
What is the remainder when 26292 is divided by 1263?
1032
Wha